{"id":12766,"date":"2021-05-07T08:55:31","date_gmt":"2021-05-07T06:55:31","guid":{"rendered":"https:\/\/klimacamp.at\/?page_id=12766"},"modified":"2021-05-20T19:46:55","modified_gmt":"2021-05-20T17:46:55","slug":"no-filmschool-filme-planen-drehen-schneiden","status":"publish","type":"page","link":"https:\/\/klimacamp.at\/en\/no-filmschool-filme-planen-drehen-schneiden\/","title":{"rendered":"No Filmschool &#8211; Filme planen, drehen, schneiden"},"content":{"rendered":"<p><strong>Datum<\/strong>: 24.- 27.05.2021<br \/>\n<strong>Zeit<\/strong>: Montag &#8211; Donnerstag, 9:00-13:00 au\u00dfer Dienstag bis 18:00<br \/>\n<strong>Referent*innen<\/strong>: Olivia Leth (<a title=\"http:\/\/www.kurzvorpunkt.com\/\" href=\"http:\/\/www.kurzvorpunkt.com\/\" target=\"_blank\" rel=\"noopener noreferrer\">www.kurzvorpunkt.com<\/a>) &amp; Lukas David Beck (@_lukasdbeck)<br \/>\n<strong>Sprache<\/strong>: Englisch<br \/>\n<strong>Ort<\/strong>: online (24.), on location @Klimacamp &amp; Standort Universit\u00e4t indoor (26.&amp;27.05.)<br \/>\n<strong>Vorbereitung<\/strong>: Es ist nicht n\u00f6tig eine Kamera mitbringen zu k\u00f6nnen, wir m\u00f6chten den Workshop technisch niederschwellig halten und trotzdem alle relevanten Bereiche abdecken. Ein Computer ist n\u00f6tig f\u00fcr den Schnitt, Premiere muss VORINSTALLIERT sein und es muss AUSREICHEND SPEICHER auf dem Aufnahmeger\u00e4t verf\u00fcgbar sein, im Workshop selbst gibt es keine Zeit das zu richten. (Vorbereitungsdauer: 2,5 Stunden)<\/p>\n<p>Dieser Dokumentarfilmworkshop behandelt alle Bereiche des Filmemachens: Am ersten Tag gibt es Inputs zu den technischen Basics (Kamera, Bild, Ton), Storytelling, Bildrecht\/Einverst\u00e4ndnis und Visuellen Stereotypen. Dienstag VM erarbeiten wir gemeinsam ein Storyboard f\u00fcr einen Imagefilm\/Dokumentarfilm \u00fcber das Klimacamp, den wir Dienstag NM in voraussichtlich zweier-Gruppen drehen. Mittwoch gibt es eine kurze Einf\u00fchrung in die Postproduktion (online, link wird hier ver\u00f6ffentlicht), die wir mit Adobe Premiere Pro am Computer gestalten, sowie den Schnitt selbst. Donnerstag wird der Schnitt fertiggestellt &amp; wir schlie\u00dfen den Workshop mit dem gemeinsamen Schauen der Filme.<br \/>\nEs ist geplant, die Videos dann auf den Kan\u00e4len des Klimacamps online zu stellen \ud83d\ude09<\/p>\n<p><strong>Anwesenheit<\/strong>: Falls 1 nur die ersten beiden Tage mitnehmen m\u00f6chte geht das, sobald der Dreh beginnt, ist aber die vollst\u00e4ndige Anwesenheit bis zum Ende aus R\u00fccksicht auf die anderen Teilnehmenden vorausgesetzt<br \/>\n<strong>Niveau<\/strong>: Beginner*innen<br \/>\n<strong>Mitbringen<\/strong>:<\/p>\n<ul>\n<li>Computer (Mac\/Win) mit VORINSTALLIERTEM Adobe Premiere (es gibt eine 30 t\u00e4gige Testversion, Anmeldung per Mail n\u00f6tig),<\/li>\n<li>Mikrofon oder Headset (mit Mikro) + Kopfh\u00f6rer \uf0e0 so in total 2 pairs of headphones, one with built in microphone<\/li>\n<li>(Aufnahmeger\u00e4t falls verf\u00fcgbar)<\/li>\n<li>Kamera (System, DSLR, Spiegellose, Handy) mit AUSREICHEND SPEICHER, dh. mindestens 16GB, besser 32GB,<\/li>\n<\/ul>\n<p>Covid-Policy siehe unten, first PCR test needs to be retrieved latest Saturday 22 and handed in Monday 24, 8:30 am!<\/p>\n<hr \/>\n<p><strong>Covid-Policy<\/strong>: To ensure safety for you and everyone else during this course some preparation as well as strict commitment to the following rules are needed. Everything we are asking you to do is entirely free for you.<br \/>\nThe overall climate-camp policy is that access to the camp will only be granted with a negative test result. As we are being very close together and indoors in the last days for postproduction, we will set the bar even a bit higher.<\/p>\n<ul>\n<li>On Tuesday you will be required to show a PCR-Test. PCR Testing is very easy in Vienna, you can get test kits for free at\u00a0<a title=\"https:\/\/allesgurgelt.at\/\" href=\"https:\/\/allesgurgelt.at\/\" target=\"_blank\" rel=\"noopener noreferrer\">https:\/\/allesgurgelt.at\/<\/a>. You will have to submit your first test on Monday 24 before 9am in a BIPA\/BILLA shop, and therefore retrieve the test kits latest on Saturday 22! Only this will ensure you to have the result by Tuesday morning. If you have another way of achieving this \u2013 perfect.<\/li>\n<li>We will ask you to have another PCR Test Wednesday Morning, so the kit needs to be posted by Tuesday 9am (you can receive 4 kits at a time).<\/li>\n<li>Because the long time between test and result, additionally you are required to have a negative quick test (antigen) EVERY MORNING.<br \/>\nIf you have Austrian health insurance, you can receive test kits from pharmacies and test yourself before the course. Otherwise, you can make a free appointment at one of the locations here:\u00a0<a title=\"https:\/\/coronavirus.wien.gv.at\/testangebote\/\" href=\"https:\/\/coronavirus.wien.gv.at\/testangebote\/\" target=\"_blank\" rel=\"noopener noreferrer\">https:\/\/coronavirus.wien.gv.at\/testangebote\/<\/a>\u00a0(\u201cSchnelltest in Teststra\u00dfen\u201d).<br \/>\nAlso bring a FFP2 mask.<br \/>\nWe will control and document every test result every day. PEOPLE WHO CANNOT PROVIDE A NEGATIVE RESULT + FFP2 MASK WILL NOT BE ABLE TO PARTICIPATE. This is a zero-tolerance policy.<br \/>\nBe advised that it is your personal responsibility to be able to show the test results \u2013 we will not let you take part otherwise.<br \/>\nWe will provide a workspace outside with 1,5m distance between each person, as well as inside (teams of 2). Inside we will additionally wear FFP2 masks &#8211; as well as outside where distance cannot be maintained.<br \/>\nPlease make sure you limit your contacts before and on the days of the workshop \u2013 a covid cluster on the climate camp would probably be the worst case for its future.<\/li>\n<\/ul>\n","protected":false},"excerpt":{"rendered":"<p>Datum: 24.- 27.05.2021 Zeit: Montag &#8211; Donnerstag, 9:00-13:00 au\u00dfer Dienstag bis 18:00 Referent*innen: Olivia Leth (www.kurzvorpunkt.com) &amp; Lukas David Beck (@_lukasdbeck) Sprache: Englisch Ort: online (24.), on location @Klimacamp &amp; Standort Universit\u00e4t indoor (26.&amp;27.05.) Vorbereitung: Es ist nicht n\u00f6tig eine Kamera mitbringen zu k\u00f6nnen, wir m\u00f6chten den Workshop technisch niederschwellig halten und trotzdem alle relevanten [&hellip;]<\/p>\n","protected":false},"author":1,"featured_media":0,"parent":0,"menu_order":0,"comment_status":"closed","ping_status":"closed","template":"","meta":{"_acf_changed":false,"inline_featured_image":false,"footnotes":""},"class_list":["post-12766","page","type-page","status-publish","hentry"],"acf":[],"_links":{"self":[{"href":"https:\/\/klimacamp.at\/en\/wp-json\/wp\/v2\/pages\/12766","targetHints":{"allow":["GET"]}}],"collection":[{"href":"https:\/\/klimacamp.at\/en\/wp-json\/wp\/v2\/pages"}],"about":[{"href":"https:\/\/klimacamp.at\/en\/wp-json\/wp\/v2\/types\/page"}],"author":[{"embeddable":true,"href":"https:\/\/klimacamp.at\/en\/wp-json\/wp\/v2\/users\/1"}],"replies":[{"embeddable":true,"href":"https:\/\/klimacamp.at\/en\/wp-json\/wp\/v2\/comments?post=12766"}],"version-history":[{"count":4,"href":"https:\/\/klimacamp.at\/en\/wp-json\/wp\/v2\/pages\/12766\/revisions"}],"predecessor-version":[{"id":13108,"href":"https:\/\/klimacamp.at\/en\/wp-json\/wp\/v2\/pages\/12766\/revisions\/13108"}],"wp:attachment":[{"href":"https:\/\/klimacamp.at\/en\/wp-json\/wp\/v2\/media?parent=12766"}],"curies":[{"name":"wp","href":"https:\/\/api.w.org\/{rel}","templated":true}]}}

<p><strong>Datum</strong>: 24.- 27.05.2021<br />
<strong>Zeit</strong>: Montag &#8211; Donnerstag, 9:00-13:00 außer Dienstag bis 18:00<br />
<strong>Referent*innen</strong>: Olivia Leth (<a title="http://www.kurzvorpunkt.com/" href="http://www.kurzvorpunkt.com/" target="_blank" rel="noopener noreferrer">www.kurzvorpunkt.com</a>) &amp; Lukas David Beck (@_lukasdbeck)<br />
<strong>Sprache</strong>: Englisch<br />
<strong>Ort</strong>: online (24.), on location @Klimacamp &amp; Standort Universität indoor (26.&amp;27.05.)<br />
<strong>Vorbereitung</strong>: Es ist nicht nötig eine Kamera mitbringen zu können, wir möchten den Workshop technisch niederschwellig halten und trotzdem alle relevanten Bereiche abdecken. Ein Computer ist nötig für den Schnitt, Premiere muss VORINSTALLIERT sein und es muss AUSREICHEND SPEICHER auf dem Aufnahmegerät verfügbar sein, im Workshop selbst gibt es keine Zeit das zu richten. (Vorbereitungsdauer: 2,5 Stunden)</p>
<p>Dieser Dokumentarfilmworkshop behandelt alle Bereiche des Filmemachens: Am ersten Tag gibt es Inputs zu den technischen Basics (Kamera, Bild, Ton), Storytelling, Bildrecht/Einverständnis und Visuellen Stereotypen. Dienstag VM erarbeiten wir gemeinsam ein Storyboard für einen Imagefilm/Dokumentarfilm über das Klimacamp, den wir Dienstag NM in voraussichtlich zweier-Gruppen drehen. Mittwoch gibt es eine kurze Einführung in die Postproduktion (online, link wird hier veröffentlicht), die wir mit Adobe Premiere Pro am Computer gestalten, sowie den Schnitt selbst. Donnerstag wird der Schnitt fertiggestellt &amp; wir schließen den Workshop mit dem gemeinsamen Schauen der Filme.<br />
Es ist geplant, die Videos dann auf den Kanälen des Klimacamps online zu stellen 😉</p>
<p><strong>Anwesenheit</strong>: Falls 1 nur die ersten beiden Tage mitnehmen möchte geht das, sobald der Dreh beginnt, ist aber die vollständige Anwesenheit bis zum Ende aus Rücksicht auf die anderen Teilnehmenden vorausgesetzt<br />
<strong>Niveau</strong>: Beginner*innen<br />
<strong>Mitbringen</strong>:</p>
<ul>
<li>Computer (Mac/Win) mit VORINSTALLIERTEM Adobe Premiere (es gibt eine 30 tägige Testversion, Anmeldung per Mail nötig),</li>
<li>Mikrofon oder Headset (mit Mikro) + Kopfhörer  so in total 2 pairs of headphones, one with built in microphone</li>
<li>(Aufnahmegerät falls verfügbar)</li>
<li>Kamera (System, DSLR, Spiegellose, Handy) mit AUSREICHEND SPEICHER, dh. mindestens 16GB, besser 32GB,</li>
</ul>
<p>Covid-Policy siehe unten, first PCR test needs to be retrieved latest Saturday 22 and handed in Monday 24, 8:30 am!</p>
<hr />
<p><strong>Covid-Policy</strong>: To ensure safety for you and everyone else during this course some preparation as well as strict commitment to the following rules are needed. Everything we are asking you to do is entirely free for you.<br />
The overall climate-camp policy is that access to the camp will only be granted with a negative test result. As we are being very close together and indoors in the last days for postproduction, we will set the bar even a bit higher.</p>
<ul>
<li>On Tuesday you will be required to show a PCR-Test. PCR Testing is very easy in Vienna, you can get test kits for free at <a title="https://allesgurgelt.at/" href="https://allesgurgelt.at/" target="_blank" rel="noopener noreferrer">https://allesgurgelt.at/</a>. You will have to submit your first test on Monday 24 before 9am in a BIPA/BILLA shop, and therefore retrieve the test kits latest on Saturday 22! Only this will ensure you to have the result by Tuesday morning. If you have another way of achieving this – perfect.</li>
<li>We will ask you to have another PCR Test Wednesday Morning, so the kit needs to be posted by Tuesday 9am (you can receive 4 kits at a time).</li>
<li>Because the long time between test and result, additionally you are required to have a negative quick test (antigen) EVERY MORNING.<br />
If you have Austrian health insurance, you can receive test kits from pharmacies and test yourself before the course. Otherwise, you can make a free appointment at one of the locations here: <a title="https://coronavirus.wien.gv.at/testangebote/" href="https://coronavirus.wien.gv.at/testangebote/" target="_blank" rel="noopener noreferrer">https://coronavirus.wien.gv.at/testangebote/</a> (“Schnelltest in Teststraßen”).<br />
Also bring a FFP2 mask.<br />
We will control and document every test result every day. PEOPLE WHO CANNOT PROVIDE A NEGATIVE RESULT + FFP2 MASK WILL NOT BE ABLE TO PARTICIPATE. This is a zero-tolerance policy.<br />
Be advised that it is your personal responsibility to be able to show the test results – we will not let you take part otherwise.<br />
We will provide a workspace outside with 1,5m distance between each person, as well as inside (teams of 2). Inside we will additionally wear FFP2 masks &#8211; as well as outside where distance cannot be maintained.<br />
Please make sure you limit your contacts before and on the days of the workshop – a covid cluster on the climate camp would probably be the worst case for its future.</li>
</ul>

<p>Datum: 24.- 27.05.2021 Zeit: Montag &#8211; Donnerstag, 9:00-13:00 außer Dienstag bis 18:00 Referent*innen: Olivia Leth (www.kurzvorpunkt.com) &amp; Lukas David Beck (@_lukasdbeck) Sprache: Englisch Ort: online (24.), on location @Klimacamp &amp; Standort Universität indoor (26.&amp;27.05.) Vorbereitung: Es ist nicht nötig eine Kamera mitbringen zu können, wir möchten den Workshop technisch niederschwellig halten und trotzdem alle relevanten [&hellip;]</p>
