{"id":11989,"date":"2021-04-08T18:55:28","date_gmt":"2021-04-08T16:55:28","guid":{"rendered":"https:\/\/klimacamp.at\/?page_id=11989"},"modified":"2021-04-08T18:55:41","modified_gmt":"2021-04-08T16:55:41","slug":"gartenbau-und-permakultur","status":"publish","type":"page","link":"https:\/\/klimacamp.at\/en\/gartenbau-und-permakultur\/","title":{"rendered":"Gartenbau und Permakultur in der Solidarischen Landwirtschaft Ouvertura"},"content":{"rendered":"<p><b>Datum<\/b>: Di. 25.5. und Mi. 26.5.2021:<\/p>\n<p><b>Zeit<\/b>: jeweils 09:30 bis 18:00 Uhr<\/p>\n<p><b>Referent*innen<\/b>: Sara Schaupp und Barbara Spechtl<\/p>\n<p><b>Sprache<\/b>: deutsch<\/p>\n<p><b>Ort<\/b>: Ouvertura \u2013 Solidarische Landwirtschaft Moosbrunn, auf den Feldern nahe dem Sender Moosbrunn<\/p>\n<p>Teilnehmer*innen: max. 12 Personen<\/p>\n<p>&nbsp;<\/p>\n<p>Sara Schaupp ist im Verein Ouvertura Gr\u00fcndungsmitglied der ersten Stunde und gemeinsam mit Barbara Spechtl u.A. zust\u00e4ndig f\u00fcr den Bereich Gartenbau<\/p>\n<p>&nbsp;<\/p>\n<p>Ouvertura baut Gem\u00fcse insbesondere f\u00fcr die Verarbeitung an und hat einige Obstb\u00e4ume und -Str\u00e4ucher auf den Feldern gepflanzt<\/p>\n<p>&nbsp;<\/p>\n<p><b>Auszug der Themen dieser Summer School mit viel Praxisbezug:<\/b><\/p>\n<p>&nbsp;<\/p>\n<ul>\n<li aria-level=\"1\">Was ist Permakultur und wie integrieren wir Prinzipien der Permakultur in unsere Anbau-Praxis?<\/li>\n<li aria-level=\"1\">Was haben unsere H\u00fchner mit dem Gem\u00fcse und Obst zu tun und umgekehrt?<\/li>\n<li aria-level=\"1\">Wie hilft uns solidarische Landwirtschaft dabei, \u00f6kologisch zu bewirtschaften?<\/li>\n<li aria-level=\"1\">Wie tragen \u00f6kologische und Solidarische Landwirtschaft zum Klimaschutz bei?<\/li>\n<li aria-level=\"1\">Neben diesen theoretischen Fragen, die wir vor allem w\u00e4hrend der Mittagshitze im Schatten er\u00f6rtern, werden wir viel Zeit zum intensiven &#8220;Garteln&#8221; haben!<\/li>\n<li aria-level=\"1\">Wir werden Jungpflanzen setzen, mulchen, Beete pflegen und uns um die Beipflanzungen bei Jostabeere, Apfelb\u00e4umchen und Co k\u00fcmmern.<\/li>\n<li aria-level=\"1\">Bei extremem Schlechtwetter verk\u00fcrztes Programm.<\/li>\n<\/ul>\n","protected":false},"excerpt":{"rendered":"<p>Datum: Di. 25.5. und Mi. 26.5.2021: Zeit: jeweils 09:30 bis 18:00 Uhr Referent*innen: Sara Schaupp und Barbara Spechtl Sprache: deutsch Ort: Ouvertura \u2013 Solidarische Landwirtschaft Moosbrunn, auf den Feldern nahe dem Sender Moosbrunn Teilnehmer*innen: max. 12 Personen &nbsp; Sara Schaupp ist im Verein Ouvertura Gr\u00fcndungsmitglied der ersten Stunde und gemeinsam mit Barbara Spechtl u.A. zust\u00e4ndig [&hellip;]<\/p>\n","protected":false},"author":1,"featured_media":0,"parent":0,"menu_order":0,"comment_status":"closed","ping_status":"closed","template":"","meta":{"_acf_changed":false,"inline_featured_image":false,"footnotes":""},"class_list":["post-11989","page","type-page","status-publish","hentry"],"acf":[],"_links":{"self":[{"href":"https:\/\/klimacamp.at\/en\/wp-json\/wp\/v2\/pages\/11989","targetHints":{"allow":["GET"]}}],"collection":[{"href":"https:\/\/klimacamp.at\/en\/wp-json\/wp\/v2\/pages"}],"about":[{"href":"https:\/\/klimacamp.at\/en\/wp-json\/wp\/v2\/types\/page"}],"author":[{"embeddable":true,"href":"https:\/\/klimacamp.at\/en\/wp-json\/wp\/v2\/users\/1"}],"replies":[{"embeddable":true,"href":"https:\/\/klimacamp.at\/en\/wp-json\/wp\/v2\/comments?post=11989"}],"version-history":[{"count":1,"href":"https:\/\/klimacamp.at\/en\/wp-json\/wp\/v2\/pages\/11989\/revisions"}],"predecessor-version":[{"id":11990,"href":"https:\/\/klimacamp.at\/en\/wp-json\/wp\/v2\/pages\/11989\/revisions\/11990"}],"wp:attachment":[{"href":"https:\/\/klimacamp.at\/en\/wp-json\/wp\/v2\/media?parent=11989"}],"curies":[{"name":"wp","href":"https:\/\/api.w.org\/{rel}","templated":true}]}}

<p><b>Datum</b>: Di. 25.5. und Mi. 26.5.2021:</p>
<p><b>Zeit</b>: jeweils 09:30 bis 18:00 Uhr</p>
<p><b>Referent*innen</b>: Sara Schaupp und Barbara Spechtl</p>
<p><b>Sprache</b>: deutsch</p>
<p><b>Ort</b>: Ouvertura – Solidarische Landwirtschaft Moosbrunn, auf den Feldern nahe dem Sender Moosbrunn</p>
<p>Teilnehmer*innen: max. 12 Personen</p>
<p>&nbsp;</p>
<p>Sara Schaupp ist im Verein Ouvertura Gründungsmitglied der ersten Stunde und gemeinsam mit Barbara Spechtl u.A. zuständig für den Bereich Gartenbau</p>
<p>&nbsp;</p>
<p>Ouvertura baut Gemüse insbesondere für die Verarbeitung an und hat einige Obstbäume und -Sträucher auf den Feldern gepflanzt</p>
<p>&nbsp;</p>
<p><b>Auszug der Themen dieser Summer School mit viel Praxisbezug:</b></p>
<p>&nbsp;</p>
<ul>
<li aria-level="1">Was ist Permakultur und wie integrieren wir Prinzipien der Permakultur in unsere Anbau-Praxis?</li>
<li aria-level="1">Was haben unsere Hühner mit dem Gemüse und Obst zu tun und umgekehrt?</li>
<li aria-level="1">Wie hilft uns solidarische Landwirtschaft dabei, ökologisch zu bewirtschaften?</li>
<li aria-level="1">Wie tragen ökologische und Solidarische Landwirtschaft zum Klimaschutz bei?</li>
<li aria-level="1">Neben diesen theoretischen Fragen, die wir vor allem während der Mittagshitze im Schatten erörtern, werden wir viel Zeit zum intensiven &#8220;Garteln&#8221; haben!</li>
<li aria-level="1">Wir werden Jungpflanzen setzen, mulchen, Beete pflegen und uns um die Beipflanzungen bei Jostabeere, Apfelbäumchen und Co kümmern.</li>
<li aria-level="1">Bei extremem Schlechtwetter verkürztes Programm.</li>
</ul>

<p>Datum: Di. 25.5. und Mi. 26.5.2021: Zeit: jeweils 09:30 bis 18:00 Uhr Referent*innen: Sara Schaupp und Barbara Spechtl Sprache: deutsch Ort: Ouvertura – Solidarische Landwirtschaft Moosbrunn, auf den Feldern nahe dem Sender Moosbrunn Teilnehmer*innen: max. 12 Personen &nbsp; Sara Schaupp ist im Verein Ouvertura Gründungsmitglied der ersten Stunde und gemeinsam mit Barbara Spechtl u.A. zuständig [&hellip;]</p>
