{"id":11987,"date":"2021-04-08T18:54:23","date_gmt":"2021-04-08T16:54:23","guid":{"rendered":"https:\/\/klimacamp.at\/?page_id=11987"},"modified":"2021-04-12T19:22:15","modified_gmt":"2021-04-12T17:22:15","slug":"huehnerhaltung","status":"publish","type":"page","link":"https:\/\/klimacamp.at\/en\/huehnerhaltung\/","title":{"rendered":"Naturnahe, tiergerechte H\u00fchnerhaltung in Kleingruppen und im eigenen Garten"},"content":{"rendered":"<p><b>Datum: <\/b>So. 23.5. und Mo. 24.5.2021<\/p>\n<p><strong>Zeit<\/strong>: Sonntag: Sonntag 13 bis 18 Uhr, Montag 09:30 bis 18 Uhr<\/p>\n<p><b>Referent*innen<\/b>: Julia Dudas und weitere(s) Teammitglied(er) von Ouvertura<\/p>\n<p><b>Sprache<\/b>: deutsch<\/p>\n<p><b>Ort<\/b>: Ouvertura \u2013 Solidarische Landwirtschaft Moosbrunn, Sender Moosbrunn und auf den Feldern bei den H\u00fchnern<\/p>\n<p><b>Teilnehmer*innen<\/b>: 6 &#8211; max. 8 Personen<\/p>\n<p>&nbsp;<\/p>\n<p>Julia ist im Verein Ouvertura Gr\u00fcndungsmitglied der ersten Stunde und u.A. zust\u00e4ndig f\u00fcr die Themen H\u00fchnerhaltung und H\u00fchnergesundheit.<\/p>\n<p>Ouvertura h\u00e4lt mehrere kleinen Herden naturnah in mobilen St\u00e4llen.<\/p>\n<p>&nbsp;<\/p>\n<p><b>Auszug der Themen dieser Summer School mit viel Praxisbezu<\/b>g:<\/p>\n<ul>\n<li aria-level=\"1\">Hybridhuhn\/Rassehuhn\/Mixe \u2013 was ist der Unterschied und welche Bedeutung f\u00fcr das Leben des Tieres hat das?<\/li>\n<li aria-level=\"1\">Bodenhaltung \u2013 Freilandhaltung \u2013 biologische Freilandhaltung: Unterschiede und Auswirkungen<\/li>\n<li aria-level=\"1\">Wie schaut eine artgerechte, naturnahe Haltung aus in Bezug auf Stall, Auslauf etc., welche M\u00f6glichkeiten er\u00f6ffnet Solawi und warum ist das alles nachhaltig?<\/li>\n<li aria-level=\"1\">Wie k\u00f6nnen h\u00e4ufige Krankheiten und Fehlverhalten wie Federpicken schnell erkannt und behandelt werden, Vorbeugung durch gesunde Ern\u00e4hrung und &#8220;Hausmittel&#8221;<\/li>\n<li aria-level=\"1\">Gesunde Ern\u00e4hrung, Kr\u00e4uter und &#8220;Hausmittel&#8221; gegen Parasiten und Krankheiten zur Vorbeugung und Behandlung<\/li>\n<li aria-level=\"1\">Vom (Brut)Ei zum Legehuhn \u2013 und was passiert mit den H\u00e4hnen? Und wie lange leben H\u00fchner eigentlich?<\/li>\n<li aria-level=\"1\">Wir beleuchten diese Themen mit Anschauungsmaterial sowohl bezogen auf die (kommerzielle und solidarische) Versorgung mehrerer Menschen als auch f\u00fcr die private H\u00fchnerhaltung im eigenen Garten.<\/li>\n<li aria-level=\"1\">Ein Stall wird gerade renoviert und wir schauen uns das im Detail an. Gemeinsam machen wir je einen kompletten &#8220;H\u00fchnerdienst&#8221; mit gr\u00fcndlicher Stallreinigung, Tr\u00e4nken und Futterschalen-Reinigung und Nachf\u00fcllung.<\/li>\n<li aria-level=\"1\">Wir sammeln die Eier ein und nehmen uns Zeit zum Beobachten der Tiere. Eventuell bereiten wir gemeinsam eine besondere Mahlzeit f\u00fcr die H\u00fchner zu.<\/li>\n<\/ul>\n","protected":false},"excerpt":{"rendered":"<p>Datum: So. 23.5. und Mo. 24.5.2021 Zeit: Sonntag: Sonntag 13 bis 18 Uhr, Montag 09:30 bis 18 Uhr Referent*innen: Julia Dudas und weitere(s) Teammitglied(er) von Ouvertura Sprache: deutsch Ort: Ouvertura \u2013 Solidarische Landwirtschaft Moosbrunn, Sender Moosbrunn und auf den Feldern bei den H\u00fchnern Teilnehmer*innen: 6 &#8211; max. 8 Personen &nbsp; Julia ist im Verein Ouvertura [&hellip;]<\/p>\n","protected":false},"author":1,"featured_media":0,"parent":0,"menu_order":0,"comment_status":"closed","ping_status":"closed","template":"","meta":{"_acf_changed":false,"inline_featured_image":false,"footnotes":""},"class_list":["post-11987","page","type-page","status-publish","hentry"],"acf":[],"_links":{"self":[{"href":"https:\/\/klimacamp.at\/en\/wp-json\/wp\/v2\/pages\/11987","targetHints":{"allow":["GET"]}}],"collection":[{"href":"https:\/\/klimacamp.at\/en\/wp-json\/wp\/v2\/pages"}],"about":[{"href":"https:\/\/klimacamp.at\/en\/wp-json\/wp\/v2\/types\/page"}],"author":[{"embeddable":true,"href":"https:\/\/klimacamp.at\/en\/wp-json\/wp\/v2\/users\/1"}],"replies":[{"embeddable":true,"href":"https:\/\/klimacamp.at\/en\/wp-json\/wp\/v2\/comments?post=11987"}],"version-history":[{"count":2,"href":"https:\/\/klimacamp.at\/en\/wp-json\/wp\/v2\/pages\/11987\/revisions"}],"predecessor-version":[{"id":12078,"href":"https:\/\/klimacamp.at\/en\/wp-json\/wp\/v2\/pages\/11987\/revisions\/12078"}],"wp:attachment":[{"href":"https:\/\/klimacamp.at\/en\/wp-json\/wp\/v2\/media?parent=11987"}],"curies":[{"name":"wp","href":"https:\/\/api.w.org\/{rel}","templated":true}]}}

Naturnahe, tiergerechte Hühnerhaltung in Kleingruppen und im eigenen Garten

<p><b>Datum: </b>So. 23.5. und Mo. 24.5.2021</p>
<p><strong>Zeit</strong>: Sonntag: Sonntag 13 bis 18 Uhr, Montag 09:30 bis 18 Uhr</p>
<p><b>Referent*innen</b>: Julia Dudas und weitere(s) Teammitglied(er) von Ouvertura</p>
<p><b>Sprache</b>: deutsch</p>
<p><b>Ort</b>: Ouvertura – Solidarische Landwirtschaft Moosbrunn, Sender Moosbrunn und auf den Feldern bei den Hühnern</p>
<p><b>Teilnehmer*innen</b>: 6 &#8211; max. 8 Personen</p>
<p>&nbsp;</p>
<p>Julia ist im Verein Ouvertura Gründungsmitglied der ersten Stunde und u.A. zuständig für die Themen Hühnerhaltung und Hühnergesundheit.</p>
<p>Ouvertura hält mehrere kleinen Herden naturnah in mobilen Ställen.</p>
<p>&nbsp;</p>
<p><b>Auszug der Themen dieser Summer School mit viel Praxisbezu</b>g:</p>
<ul>
<li aria-level="1">Hybridhuhn/Rassehuhn/Mixe – was ist der Unterschied und welche Bedeutung für das Leben des Tieres hat das?</li>
<li aria-level="1">Bodenhaltung – Freilandhaltung – biologische Freilandhaltung: Unterschiede und Auswirkungen</li>
<li aria-level="1">Wie schaut eine artgerechte, naturnahe Haltung aus in Bezug auf Stall, Auslauf etc., welche Möglichkeiten eröffnet Solawi und warum ist das alles nachhaltig?</li>
<li aria-level="1">Wie können häufige Krankheiten und Fehlverhalten wie Federpicken schnell erkannt und behandelt werden, Vorbeugung durch gesunde Ernährung und &#8220;Hausmittel&#8221;</li>
<li aria-level="1">Gesunde Ernährung, Kräuter und &#8220;Hausmittel&#8221; gegen Parasiten und Krankheiten zur Vorbeugung und Behandlung</li>
<li aria-level="1">Vom (Brut)Ei zum Legehuhn – und was passiert mit den Hähnen? Und wie lange leben Hühner eigentlich?</li>
<li aria-level="1">Wir beleuchten diese Themen mit Anschauungsmaterial sowohl bezogen auf die (kommerzielle und solidarische) Versorgung mehrerer Menschen als auch für die private Hühnerhaltung im eigenen Garten.</li>
<li aria-level="1">Ein Stall wird gerade renoviert und wir schauen uns das im Detail an. Gemeinsam machen wir je einen kompletten &#8220;Hühnerdienst&#8221; mit gründlicher Stallreinigung, Tränken und Futterschalen-Reinigung und Nachfüllung.</li>
<li aria-level="1">Wir sammeln die Eier ein und nehmen uns Zeit zum Beobachten der Tiere. Eventuell bereiten wir gemeinsam eine besondere Mahlzeit für die Hühner zu.</li>
</ul>

<p>Datum: So. 23.5. und Mo. 24.5.2021 Zeit: Sonntag: Sonntag 13 bis 18 Uhr, Montag 09:30 bis 18 Uhr Referent*innen: Julia Dudas und weitere(s) Teammitglied(er) von Ouvertura Sprache: deutsch Ort: Ouvertura – Solidarische Landwirtschaft Moosbrunn, Sender Moosbrunn und auf den Feldern bei den Hühnern Teilnehmer*innen: 6 &#8211; max. 8 Personen &nbsp; Julia ist im Verein Ouvertura [&hellip;]</p>
