{"id":23994,"date":"2025-05-19T17:50:47","date_gmt":"2025-05-19T15:50:47","guid":{"rendered":"https:\/\/klimacamp.at\/?post_type=mp-event&#038;p=23994"},"modified":"2025-05-29T11:49:43","modified_gmt":"2025-05-29T09:49:43","slug":"strategiemapping","status":"publish","type":"mp-event","link":"https:\/\/klimacamp.at\/en\/timetable\/event\/strategiemapping\/","title":{"rendered":"CANCELLED: Strategiemapping"},"content":{"rendered":"\r\n<div class=\"wp-block-media-text is-stacked-on-mobile\">\r\n<figure class=\"wp-block-media-text__media\"><img loading=\"lazy\" decoding=\"async\" width=\"300\" height=\"122\" class=\"wp-image-24179 size-medium\" src=\"https:\/\/klimacamp.at\/wp-content\/uploads\/2025\/05\/Radius_Logo_CMYK_RZ-scaled-2-300x122.jpg\" alt=\"\" srcset=\"https:\/\/klimacamp.at\/wp-content\/uploads\/2025\/05\/Radius_Logo_CMYK_RZ-scaled-2-300x122.jpg 300w, https:\/\/klimacamp.at\/wp-content\/uploads\/2025\/05\/Radius_Logo_CMYK_RZ-scaled-2-1024x415.jpg 1024w, https:\/\/klimacamp.at\/wp-content\/uploads\/2025\/05\/Radius_Logo_CMYK_RZ-scaled-2-768x311.jpg 768w, https:\/\/klimacamp.at\/wp-content\/uploads\/2025\/05\/Radius_Logo_CMYK_RZ-scaled-2.jpg 1080w\" sizes=\"auto, (max-width: 300px) 100vw, 300px\" \/><\/figure>\r\n<div class=\"wp-block-media-text__content\">\r\n<p>\ud83c\udf10<a href=\"https:\/\/radius.co.at\/\">https:\/\/radius.co.at\/<\/a><\/p>\r\n\r\n\r\n\r\n<p>\ud83d\udcf8<a href=\"https:\/\/www.instagram.com\/radius_org\/\">radius_org<\/a><\/p>\r\n<p>\u2014 CANCELLED \u2014<\/p>\r\n<p>Workshop abgesagt!!<\/p>\r\n<\/div>\r\n<\/div>\r\n\r\n\r\n\r\n<pre class=\"wp-block-preformatted\">\u2014  WORKSHOP  \u2014<br \/> \u2014 English below \u2014 <br \/>\ud83c\udfaa Stadt f\u00fcr Alle Camp <br \/>\ud83d\udccd Donnerstag, 29.05. <br \/>\ud83d\udd5110:00<br \/>\ud83c\udfa4radius <br \/><br \/>Strategiemapping: die Klimabewegung in \u00d6sterreich <br \/><br \/>Die Klima- und Umweltbewegung in \u00d6sterreich ist breit und vielf\u00e4ltig und wendet unterschiedlichste Strategien an. In diesem Workshop verschaffen wir uns zuerst gemeinsam eine \u00dcbersicht \u00fcber die verschiedenen Gruppen und Ans\u00e4tze. Anschlie\u00dfend verschaffen wir uns gemeinsam einen \u00dcberblick \u00fcber die Akteur:innen der Klima- und Umweltbewegung in \u00d6sterreich und ordnen diese verschiedenen strategischen Ans\u00e4tzen zu. Wir diskutieren das Gesamtbild vor dem aktuellen gesellschaftlichen Hintergrund. Dies ist ein Follow-up der Strategiekonferenz f\u00fcr die Klimabewegung, die im Februar mit rund 60 Organisationen in Wien stattgefunden hat. <br \/><br \/>\ud83c\udfaa City for All Camp <br \/>\ud83d\udccdThursday, 29.05 <br \/>\ud83d\udd5110AM <br \/>\ud83c\udfa4radius<br \/><br \/> Strategy mapping: the climate movement in Austria <br \/><br \/> The climate and environmental movement in Austria is broad and diverse and uses a wide variety of strategies. In this workshop, we will first get an overview of the different groups and approaches together. Then we will get an overview of the actors of the climate and environmental movement in Austria and assign them to different strategic approaches. We will discuss the overall picture against the current social background. This is a follow-up to the strategy conference for the climate movement that took place in Vienna in February with around 60 organizations. <\/pre>\r\n","protected":false},"excerpt":{"rendered":"<p>\ud83c\udf10https:\/\/radius.co.at\/ \ud83d\udcf8radius_org \u2014 CANCELLED \u2014 Workshop abgesagt!! \u2014 WORKSHOP \u2014 \u2014 English below \u2014 \ud83c\udfaa Stadt f\u00fcr Alle Camp \ud83d\udccd Donnerstag, 29.05. \ud83d\udd5110:00\ud83c\udfa4radius Strategiemapping: die Klimabewegung in \u00d6sterreich Die Klima- und Umweltbewegung in \u00d6sterreich ist breit und vielf\u00e4ltig und wendet unterschiedlichste Strategien an. In diesem Workshop verschaffen wir uns zuerst gemeinsam eine \u00dcbersicht \u00fcber die [&hellip;]<\/p>\n","protected":false},"author":32,"featured_media":23995,"menu_order":0,"comment_status":"open","ping_status":"closed","template":"","mp-event_category":[],"mp-event_tag":[],"class_list":["post-23994","mp-event","type-mp-event","status-publish","has-post-thumbnail","hentry","mp-event-item"],"acf":[],"_links":{"self":[{"href":"https:\/\/klimacamp.at\/en\/wp-json\/wp\/v2\/mp-event\/23994","targetHints":{"allow":["GET"]}}],"collection":[{"href":"https:\/\/klimacamp.at\/en\/wp-json\/wp\/v2\/mp-event"}],"about":[{"href":"https:\/\/klimacamp.at\/en\/wp-json\/wp\/v2\/types\/mp-event"}],"author":[{"embeddable":true,"href":"https:\/\/klimacamp.at\/en\/wp-json\/wp\/v2\/users\/32"}],"replies":[{"embeddable":true,"href":"https:\/\/klimacamp.at\/en\/wp-json\/wp\/v2\/comments?post=23994"}],"wp:featuredmedia":[{"embeddable":true,"href":"https:\/\/klimacamp.at\/en\/wp-json\/wp\/v2\/media\/23995"}],"wp:attachment":[{"href":"https:\/\/klimacamp.at\/en\/wp-json\/wp\/v2\/media?parent=23994"}],"wp:term":[{"taxonomy":"mp-event_category","embeddable":true,"href":"https:\/\/klimacamp.at\/en\/wp-json\/wp\/v2\/mp-event_category?post=23994"},{"taxonomy":"mp-event_tag","embeddable":true,"href":"https:\/\/klimacamp.at\/en\/wp-json\/wp\/v2\/mp-event_tag?post=23994"}],"curies":[{"name":"wp","href":"https:\/\/api.w.org\/{rel}","templated":true}]}}

<div class="wp-block-media-text is-stacked-on-mobile">
<figure class="wp-block-media-text__media"><img loading="lazy" decoding="async" width="300" height="122" class="wp-image-24179 size-medium" src="https://klimacamp.at/wp-content/uploads/2025/05/Radius_Logo_CMYK_RZ-scaled-2-300x122.jpg" alt="" srcset="https://klimacamp.at/wp-content/uploads/2025/05/Radius_Logo_CMYK_RZ-scaled-2-300x122.jpg 300w, https://klimacamp.at/wp-content/uploads/2025/05/Radius_Logo_CMYK_RZ-scaled-2-1024x415.jpg 1024w, https://klimacamp.at/wp-content/uploads/2025/05/Radius_Logo_CMYK_RZ-scaled-2-768x311.jpg 768w, https://klimacamp.at/wp-content/uploads/2025/05/Radius_Logo_CMYK_RZ-scaled-2.jpg 1080w" sizes="auto, (max-width: 300px) 100vw, 300px" /></figure>
<div class="wp-block-media-text__content">
<p>🌐<a href="https://radius.co.at/">https://radius.co.at/</a></p>



<p>📸<a href="https://www.instagram.com/radius_org/">radius_org</a></p>
<p>— CANCELLED —</p>
<p>Workshop abgesagt!!</p>
</div>
</div>



<pre class="wp-block-preformatted">—  WORKSHOP  —<br /> — English below — <br />🎪 Stadt für Alle Camp <br />📍 Donnerstag, 29.05. <br />🕑10:00<br />🎤radius <br /><br />Strategiemapping: die Klimabewegung in Österreich <br /><br />Die Klima- und Umweltbewegung in Österreich ist breit und vielfältig und wendet unterschiedlichste Strategien an. In diesem Workshop verschaffen wir uns zuerst gemeinsam eine Übersicht über die verschiedenen Gruppen und Ansätze. Anschließend verschaffen wir uns gemeinsam einen Überblick über die Akteur:innen der Klima- und Umweltbewegung in Österreich und ordnen diese verschiedenen strategischen Ansätzen zu. Wir diskutieren das Gesamtbild vor dem aktuellen gesellschaftlichen Hintergrund. Dies ist ein Follow-up der Strategiekonferenz für die Klimabewegung, die im Februar mit rund 60 Organisationen in Wien stattgefunden hat. <br /><br />🎪 City for All Camp <br />📍Thursday, 29.05 <br />🕑10AM <br />🎤radius<br /><br /> Strategy mapping: the climate movement in Austria <br /><br /> The climate and environmental movement in Austria is broad and diverse and uses a wide variety of strategies. In this workshop, we will first get an overview of the different groups and approaches together. Then we will get an overview of the actors of the climate and environmental movement in Austria and assign them to different strategic approaches. We will discuss the overall picture against the current social background. This is a follow-up to the strategy conference for the climate movement that took place in Vienna in February with around 60 organizations. </pre>

<p>🌐https://radius.co.at/ 📸radius_org — CANCELLED — Workshop abgesagt!! — WORKSHOP — — English below — 🎪 Stadt für Alle Camp 📍 Donnerstag, 29.05. 🕑10:00🎤radius Strategiemapping: die Klimabewegung in Österreich Die Klima- und Umweltbewegung in Österreich ist breit und vielfältig und wendet unterschiedlichste Strategien an. In diesem Workshop verschaffen wir uns zuerst gemeinsam eine Übersicht über die [&hellip;]</p>
