{"id":23948,"date":"2025-05-19T16:32:33","date_gmt":"2025-05-19T14:32:33","guid":{"rendered":"https:\/\/klimacamp.at\/?post_type=mp-event&#038;p=23948"},"modified":"2025-05-21T16:01:40","modified_gmt":"2025-05-21T14:01:40","slug":"was-bedeutet-care-im-oeffentlichen-raum","status":"publish","type":"mp-event","link":"https:\/\/klimacamp.at\/en\/timetable\/event\/was-bedeutet-care-im-oeffentlichen-raum\/","title":{"rendered":"Was bedeutet Care im \u00f6ffentlichen Raum"},"content":{"rendered":"\n<div class=\"wp-block-media-text is-stacked-on-mobile\"><figure class=\"wp-block-media-text__media\"><img loading=\"lazy\" decoding=\"async\" width=\"300\" height=\"71\" src=\"https:\/\/klimacamp.at\/wp-content\/uploads\/2025\/05\/shw-logo-lang-144ppi-kl@2x-1-300x71.jpg\" alt=\"\" class=\"wp-image-24120 size-medium\" srcset=\"https:\/\/klimacamp.at\/wp-content\/uploads\/2025\/05\/shw-logo-lang-144ppi-kl@2x-1-300x71.jpg 300w, https:\/\/klimacamp.at\/wp-content\/uploads\/2025\/05\/shw-logo-lang-144ppi-kl@2x-1.jpg 679w\" sizes=\"auto, (max-width: 300px) 100vw, 300px\" \/><\/figure><div class=\"wp-block-media-text__content\">\n<p>\ud83c\udf10<a href=\"https:\/\/www.suchthilfe.wien\/\">https:\/\/www.suchthilfe.wien\/<\/a><\/p>\n\n\n\n<p>\ud83d\udcf8<a href=\"https:\/\/www.instagram.com\/checkit.wien\/\">checkit.wien<\/a><\/p>\n<\/div><\/div>\n\n\n\n<pre class=\"wp-block-preformatted\"><br>\u2014  WORKSHOP  \u2014 <br>\u2014 English below \u2014 <br>\ud83c\udfaa Stadt f\u00fcr Alle Camp  <br>\ud83d\udccd Montag 26.05.05. <br>\ud83d\udd5110:00 <br>\ud83c\udfa4Suchthilfe Wien <br><br> Was bedeutet Care im \u00f6ffentlichen Raum? <br><br> Wien w\u00e4chst \u2013 und gleichzeitig wird es im \u00f6ffentlichen Raum immer enger. Seine zunehmende Kommerzialisierung und Gentrifizierung f\u00fchren dazu, dass Raum, der tats\u00e4chlich f\u00fcr alle nutzbar sein sollte, immer weniger wird. Kann Care (bzw. Caring, Sorgetragen, K\u00fcmmern) eine Antwort auf diese Entwicklungen sein? <br><br> Der interaktive Workshop m\u00f6chte sich diesem Thema anhand folgender Fragen n\u00e4hern:  Was hei\u00dft es sich zu k\u00fcmmern? Wie k\u00f6nnen diverse Formen des Sorgetragens aussehen? Was brauchen wir daf\u00fcr? Was bedeutet es sich vor allem um den \u00f6ffentlichen Raum zu k\u00fcmmern? Wie k\u00f6nnen wir das kollektive Sorgetragen in unsere Alltagspraxen \u00fcbersetzen? <br><br>\ud83c\udfaa City for All Camp <br>\ud83d\udccdMonday, 26.05.  <br>\ud83d\udd5110 AM <br>\ud83c\udfa4Suchthilfe Wien  <br><br>What does care in public spaces mean?  <br><br>Vienna is growing - at the same time, public space is becoming increasingly cramped. The increasing commercialization and gentrification mean that space that should really be available for everyone is becoming less and less.  Can care (or caring) be an answer to these developments?  <br><br>The interactive workshop approaches this topic by asking the following questions:  What does it mean to care? What can various forms of caring look like? What do we need for this? What does it mean to take care of the public space in particular? How can we translate collective caring into our everyday practices? <\/pre>\n","protected":false},"excerpt":{"rendered":"<p>\ud83c\udf10https:\/\/www.suchthilfe.wien\/ \ud83d\udcf8checkit.wien \u2014 WORKSHOP \u2014 \u2014 English below \u2014 \ud83c\udfaa Stadt f\u00fcr Alle Camp \ud83d\udccd Montag 26.05.05. \ud83d\udd5110:00 \ud83c\udfa4Suchthilfe Wien Was bedeutet Care im \u00f6ffentlichen Raum? Wien w\u00e4chst \u2013 und gleichzeitig wird es im \u00f6ffentlichen Raum immer enger. Seine zunehmende Kommerzialisierung und Gentrifizierung f\u00fchren dazu, dass Raum, der tats\u00e4chlich f\u00fcr alle nutzbar sein sollte, immer [&hellip;]<\/p>\n","protected":false},"author":32,"featured_media":23949,"menu_order":3,"comment_status":"open","ping_status":"closed","template":"","mp-event_category":[],"mp-event_tag":[],"class_list":["post-23948","mp-event","type-mp-event","status-publish","has-post-thumbnail","hentry","mp-event-item"],"acf":[],"_links":{"self":[{"href":"https:\/\/klimacamp.at\/en\/wp-json\/wp\/v2\/mp-event\/23948","targetHints":{"allow":["GET"]}}],"collection":[{"href":"https:\/\/klimacamp.at\/en\/wp-json\/wp\/v2\/mp-event"}],"about":[{"href":"https:\/\/klimacamp.at\/en\/wp-json\/wp\/v2\/types\/mp-event"}],"author":[{"embeddable":true,"href":"https:\/\/klimacamp.at\/en\/wp-json\/wp\/v2\/users\/32"}],"replies":[{"embeddable":true,"href":"https:\/\/klimacamp.at\/en\/wp-json\/wp\/v2\/comments?post=23948"}],"wp:featuredmedia":[{"embeddable":true,"href":"https:\/\/klimacamp.at\/en\/wp-json\/wp\/v2\/media\/23949"}],"wp:attachment":[{"href":"https:\/\/klimacamp.at\/en\/wp-json\/wp\/v2\/media?parent=23948"}],"wp:term":[{"taxonomy":"mp-event_category","embeddable":true,"href":"https:\/\/klimacamp.at\/en\/wp-json\/wp\/v2\/mp-event_category?post=23948"},{"taxonomy":"mp-event_tag","embeddable":true,"href":"https:\/\/klimacamp.at\/en\/wp-json\/wp\/v2\/mp-event_tag?post=23948"}],"curies":[{"name":"wp","href":"https:\/\/api.w.org\/{rel}","templated":true}]}}

Was bedeutet Care im öffentlichen Raum

<div class="wp-block-media-text is-stacked-on-mobile"><figure class="wp-block-media-text__media"><img loading="lazy" decoding="async" width="300" height="71" src="https://klimacamp.at/wp-content/uploads/2025/05/shw-logo-lang-144ppi-kl@2x-1-300x71.jpg" alt="" class="wp-image-24120 size-medium" srcset="https://klimacamp.at/wp-content/uploads/2025/05/shw-logo-lang-144ppi-kl@2x-1-300x71.jpg 300w, https://klimacamp.at/wp-content/uploads/2025/05/shw-logo-lang-144ppi-kl@2x-1.jpg 679w" sizes="auto, (max-width: 300px) 100vw, 300px" /></figure><div class="wp-block-media-text__content">
<p>🌐<a href="https://www.suchthilfe.wien/">https://www.suchthilfe.wien/</a></p>



<p>📸<a href="https://www.instagram.com/checkit.wien/">checkit.wien</a></p>
</div></div>



<pre class="wp-block-preformatted"><br>—  WORKSHOP  — <br>— English below — <br>🎪 Stadt für Alle Camp  <br>📍 Montag 26.05.05. <br>🕑10:00 <br>🎤Suchthilfe Wien <br><br> Was bedeutet Care im öffentlichen Raum? <br><br> Wien wächst – und gleichzeitig wird es im öffentlichen Raum immer enger. Seine zunehmende Kommerzialisierung und Gentrifizierung führen dazu, dass Raum, der tatsächlich für alle nutzbar sein sollte, immer weniger wird. Kann Care (bzw. Caring, Sorgetragen, Kümmern) eine Antwort auf diese Entwicklungen sein? <br><br> Der interaktive Workshop möchte sich diesem Thema anhand folgender Fragen nähern:  Was heißt es sich zu kümmern? Wie können diverse Formen des Sorgetragens aussehen? Was brauchen wir dafür? Was bedeutet es sich vor allem um den öffentlichen Raum zu kümmern? Wie können wir das kollektive Sorgetragen in unsere Alltagspraxen übersetzen? <br><br>🎪 City for All Camp <br>📍Monday, 26.05.  <br>🕑10 AM <br>🎤Suchthilfe Wien  <br><br>What does care in public spaces mean?  <br><br>Vienna is growing - at the same time, public space is becoming increasingly cramped. The increasing commercialization and gentrification mean that space that should really be available for everyone is becoming less and less.  Can care (or caring) be an answer to these developments?  <br><br>The interactive workshop approaches this topic by asking the following questions:  What does it mean to care? What can various forms of caring look like? What do we need for this? What does it mean to take care of the public space in particular? How can we translate collective caring into our everyday practices? </pre>

<p>🌐https://www.suchthilfe.wien/ 📸checkit.wien — WORKSHOP — — English below — 🎪 Stadt für Alle Camp 📍 Montag 26.05.05. 🕑10:00 🎤Suchthilfe Wien Was bedeutet Care im öffentlichen Raum? Wien wächst – und gleichzeitig wird es im öffentlichen Raum immer enger. Seine zunehmende Kommerzialisierung und Gentrifizierung führen dazu, dass Raum, der tatsächlich für alle nutzbar sein sollte, immer [&hellip;]</p>
