{"id":23946,"date":"2025-05-19T16:24:33","date_gmt":"2025-05-19T14:24:33","guid":{"rendered":"https:\/\/klimacamp.at\/?post_type=mp-event&#038;p=23946"},"modified":"2025-05-21T16:01:22","modified_gmt":"2025-05-21T14:01:22","slug":"wem-gehoert-die-stadt","status":"publish","type":"mp-event","link":"https:\/\/klimacamp.at\/en\/timetable\/event\/wem-gehoert-die-stadt\/","title":{"rendered":"Wem geh\u00f6rt die Stadt"},"content":{"rendered":"\r\n<pre class=\"wp-block-preformatted\">\u2014  WORKSHOP  \u2014<br \/> \u2014 English below \u2014 <br \/>\ud83c\udfaa Stadt f\u00fcr Alle Camp <br \/>\ud83d\udccd Montag, 26.05. <br \/>\ud83d\udd5110:00 <br \/>\ud83c\udfa4Viktoria (sie\/ihr) <br \/><br \/>Wem geh\u00f6rt die Stadt \u2013 Gerechtigkeit zwischen Miete, Klima und Macht.   <br \/><br \/>Wem geh\u00f6rt die Stadt? Klima- gegen Sozialpolitik ist ein Narrativ, dass viel erz\u00e4hlt wird. Besonders in der Wohnpolitik wird hier zu wenig zusammen gedacht. Dabei geht es nur zusammen. Ohne klimapolitischen Ma\u00dfnahmen gibt es keine Gerechtigkeit in der Wohnpolitik. Soziale Ungerechtigkeit verst\u00e4rkt sich mit jedem Zehntel Grad Erderw\u00e4rmung - wenn wir nicht JETZT unsere St\u00e4dte radikal anders denken und planen wird es kein gerechtes Leben in der Stadt geben.  In diesem  Workshop soll gezeigt werden, wie sehr Klima- und gerechte Wohnpolitik zusammenh\u00e4ngen und wieso der Bau von neuen Geb\u00e4uden niemals die Wohnmarktprobleme l\u00f6sen wird. Welche Personen profitieren von diesen Neubauten und wieso treiben klimapolitische Ma\u00dfnahmen oft Gentrifizierung voran - und was kann getan werden, dass dies nicht passiert? Wer zieht die F\u00e4den in der Wohnpolitik in Wien und wieso gibt es trotz starker SP\u00d6 Wahlergebnisse konstant schwierigere Wohnverh\u00e4ltnisse in Wien? <br \/><br \/>\ud83c\udfaa City for All Camp <br \/>\ud83d\udccdMonday, 26.05 <br \/>\ud83d\udd5110AM <br \/>\ud83c\udfa4Victoria (she\/her) <br \/><br \/>Who owns the city - justice between rent, climate and power. <br \/><br \/> Who owns the city? Climate versus social policy is a narrative that is told a lot. In housing policy in particular, too little is thought about together. But it can only work together. Without climate policy measures, there is no justice in housing policy. Social injustice increases with every tenth of a degree of global warming - if we do not radically rethink and plan our cities NOW, there will be no just life in the city.  This workshop will show how climate and fair housing policies are linked and why the construction of new buildings will never solve the housing market problems. Who benefits from these new buildings and why do climate policies often drive gentrification - and what can be done to prevent this from happening? Who is pulling the strings in housing policy in Vienna and why are housing conditions in Vienna constantly becoming more difficult despite strong election results for the SP\u00d6? <\/pre>\r\n","protected":false},"excerpt":{"rendered":"<p>\u2014 WORKSHOP \u2014 \u2014 English below \u2014 \ud83c\udfaa Stadt f\u00fcr Alle Camp \ud83d\udccd Montag, 26.05. \ud83d\udd5110:00 \ud83c\udfa4Viktoria (sie\/ihr) Wem geh\u00f6rt die Stadt \u2013 Gerechtigkeit zwischen Miete, Klima und Macht. Wem geh\u00f6rt die Stadt? Klima- gegen Sozialpolitik ist ein Narrativ, dass viel erz\u00e4hlt wird. Besonders in der Wohnpolitik wird hier zu wenig zusammen gedacht. Dabei geht [&hellip;]<\/p>\n","protected":false},"author":32,"featured_media":0,"menu_order":2,"comment_status":"open","ping_status":"closed","template":"","mp-event_category":[],"mp-event_tag":[],"class_list":["post-23946","mp-event","type-mp-event","status-publish","hentry","mp-event-item"],"acf":[],"_links":{"self":[{"href":"https:\/\/klimacamp.at\/en\/wp-json\/wp\/v2\/mp-event\/23946","targetHints":{"allow":["GET"]}}],"collection":[{"href":"https:\/\/klimacamp.at\/en\/wp-json\/wp\/v2\/mp-event"}],"about":[{"href":"https:\/\/klimacamp.at\/en\/wp-json\/wp\/v2\/types\/mp-event"}],"author":[{"embeddable":true,"href":"https:\/\/klimacamp.at\/en\/wp-json\/wp\/v2\/users\/32"}],"replies":[{"embeddable":true,"href":"https:\/\/klimacamp.at\/en\/wp-json\/wp\/v2\/comments?post=23946"}],"wp:attachment":[{"href":"https:\/\/klimacamp.at\/en\/wp-json\/wp\/v2\/media?parent=23946"}],"wp:term":[{"taxonomy":"mp-event_category","embeddable":true,"href":"https:\/\/klimacamp.at\/en\/wp-json\/wp\/v2\/mp-event_category?post=23946"},{"taxonomy":"mp-event_tag","embeddable":true,"href":"https:\/\/klimacamp.at\/en\/wp-json\/wp\/v2\/mp-event_tag?post=23946"}],"curies":[{"name":"wp","href":"https:\/\/api.w.org\/{rel}","templated":true}]}}

Wem gehört die Stadt

<pre class="wp-block-preformatted">—  WORKSHOP  —<br /> — English below — <br />🎪 Stadt für Alle Camp <br />📍 Montag, 26.05. <br />🕑10:00 <br />🎤Viktoria (sie/ihr) <br /><br />Wem gehört die Stadt – Gerechtigkeit zwischen Miete, Klima und Macht.   <br /><br />Wem gehört die Stadt? Klima- gegen Sozialpolitik ist ein Narrativ, dass viel erzählt wird. Besonders in der Wohnpolitik wird hier zu wenig zusammen gedacht. Dabei geht es nur zusammen. Ohne klimapolitischen Maßnahmen gibt es keine Gerechtigkeit in der Wohnpolitik. Soziale Ungerechtigkeit verstärkt sich mit jedem Zehntel Grad Erderwärmung - wenn wir nicht JETZT unsere Städte radikal anders denken und planen wird es kein gerechtes Leben in der Stadt geben.  In diesem  Workshop soll gezeigt werden, wie sehr Klima- und gerechte Wohnpolitik zusammenhängen und wieso der Bau von neuen Gebäuden niemals die Wohnmarktprobleme lösen wird. Welche Personen profitieren von diesen Neubauten und wieso treiben klimapolitische Maßnahmen oft Gentrifizierung voran - und was kann getan werden, dass dies nicht passiert? Wer zieht die Fäden in der Wohnpolitik in Wien und wieso gibt es trotz starker SPÖ Wahlergebnisse konstant schwierigere Wohnverhältnisse in Wien? <br /><br />🎪 City for All Camp <br />📍Monday, 26.05 <br />🕑10AM <br />🎤Victoria (she/her) <br /><br />Who owns the city - justice between rent, climate and power. <br /><br /> Who owns the city? Climate versus social policy is a narrative that is told a lot. In housing policy in particular, too little is thought about together. But it can only work together. Without climate policy measures, there is no justice in housing policy. Social injustice increases with every tenth of a degree of global warming - if we do not radically rethink and plan our cities NOW, there will be no just life in the city.  This workshop will show how climate and fair housing policies are linked and why the construction of new buildings will never solve the housing market problems. Who benefits from these new buildings and why do climate policies often drive gentrification - and what can be done to prevent this from happening? Who is pulling the strings in housing policy in Vienna and why are housing conditions in Vienna constantly becoming more difficult despite strong election results for the SPÖ? </pre>

<p>— WORKSHOP — — English below — 🎪 Stadt für Alle Camp 📍 Montag, 26.05. 🕑10:00 🎤Viktoria (sie/ihr) Wem gehört die Stadt – Gerechtigkeit zwischen Miete, Klima und Macht. Wem gehört die Stadt? Klima- gegen Sozialpolitik ist ein Narrativ, dass viel erzählt wird. Besonders in der Wohnpolitik wird hier zu wenig zusammen gedacht. Dabei geht [&hellip;]</p>
