{"id":23940,"date":"2025-05-19T15:44:24","date_gmt":"2025-05-19T13:44:24","guid":{"rendered":"https:\/\/klimacamp.at\/?post_type=mp-event&#038;p=23940"},"modified":"2025-05-21T15:59:27","modified_gmt":"2025-05-21T13:59:27","slug":"politically-correct-comedy-club","status":"publish","type":"mp-event","link":"https:\/\/klimacamp.at\/en\/timetable\/event\/politically-correct-comedy-club\/","title":{"rendered":"Politically Correct Comedy Club"},"content":{"rendered":"\n<div class=\"wp-block-media-text is-stacked-on-mobile\"><figure class=\"wp-block-media-text__media\"><img loading=\"lazy\" decoding=\"async\" width=\"222\" height=\"222\" src=\"https:\/\/klimacamp.at\/wp-content\/uploads\/2025\/05\/pccc_logo_2023-m-1.jpg\" alt=\"\" class=\"wp-image-24117 size-full\" srcset=\"https:\/\/klimacamp.at\/wp-content\/uploads\/2025\/05\/pccc_logo_2023-m-1.jpg 222w, https:\/\/klimacamp.at\/wp-content\/uploads\/2025\/05\/pccc_logo_2023-m-1-150x150.jpg 150w\" sizes=\"auto, (max-width: 222px) 100vw, 222px\" \/><\/figure><div class=\"wp-block-media-text__content\">\n<p>\ud83d\udcf8 <a href=\"https:\/\/www.instagram.com\/pccc.comedy\/?hl=de\">pccc.comedy<\/a><\/p>\n\n\n\n<p>\ud83d\udcf9<a href=\"https:\/\/www.youtube.com\/@pccc-thepoliticallycorrect8367\">@pccc-thepoliticallycorrect8367<\/a><\/p>\n<\/div><\/div>\n\n\n\n<p><\/p>\n\n\n\n<p>\u2014  COMEDY  \u2014 <br>\u2014 English below \u2014 <br>\ud83c\udfaa Stadt f\u00fcr Alle Camp <br>\ud83d\udccd Sonntag, 25.05.<br>\ud83d\udd5119:00 <br>\ud83c\udfa4PCCC*<\/p>\n\n\n\n<p>PCCC* ist eine Queer Comedy Night f\u00fcr ein Queer-Publikum und deren Fans &amp; Freund:innen. An den regelm\u00e4\u00dfigen und stets ausverkauften Abenden in Wien trifft man T\u00e4nzerInnen, SchriftstellerInnen, Rapper:innen, Arbeiter:innen, Buchhandelsangestellte, Lebensk\u00fcnstler:innen, Weintrinker:innen &#8211; die alle eines gemeinsam haben: eine lustige Geschichte zu erz\u00e4hlen.<\/p>\n\n\n\n<p><\/p>\n\n\n\n<pre class=\"wp-block-preformatted\">\ud83c\udfaa City for All Camp <br>\ud83d\udccdSunday, 25.05 <br>\ud83d\udd517PM <br>\ud83c\udfa4PCCC*<\/pre>\n\n\n\n<p>PCCC* is a Queer Comedy Night for a Queer Audience and their Fans &amp; Friends. On their regular and always sold out evenings in Vienna you\u2019ll meet dancers, writers, rappers, workers, bookshop employees, life embracers, wine drinkers \u2013 all having one thing in common: a funny story to tell.<\/p>\n","protected":false},"excerpt":{"rendered":"<p>\ud83d\udcf8 pccc.comedy \ud83d\udcf9@pccc-thepoliticallycorrect8367 \u2014 COMEDY \u2014 \u2014 English below \u2014 \ud83c\udfaa Stadt f\u00fcr Alle Camp \ud83d\udccd Sonntag, 25.05.\ud83d\udd5119:00 \ud83c\udfa4PCCC* PCCC* ist eine Queer Comedy Night f\u00fcr ein Queer-Publikum und deren Fans &amp; Freund:innen. An den regelm\u00e4\u00dfigen und stets ausverkauften Abenden in Wien trifft man T\u00e4nzerInnen, SchriftstellerInnen, Rapper:innen, Arbeiter:innen, Buchhandelsangestellte, Lebensk\u00fcnstler:innen, Weintrinker:innen &#8211; die alle eines [&hellip;]<\/p>\n","protected":false},"author":32,"featured_media":23941,"menu_order":11,"comment_status":"open","ping_status":"closed","template":"","mp-event_category":[],"mp-event_tag":[],"class_list":["post-23940","mp-event","type-mp-event","status-publish","has-post-thumbnail","hentry","mp-event-item"],"acf":[],"_links":{"self":[{"href":"https:\/\/klimacamp.at\/en\/wp-json\/wp\/v2\/mp-event\/23940","targetHints":{"allow":["GET"]}}],"collection":[{"href":"https:\/\/klimacamp.at\/en\/wp-json\/wp\/v2\/mp-event"}],"about":[{"href":"https:\/\/klimacamp.at\/en\/wp-json\/wp\/v2\/types\/mp-event"}],"author":[{"embeddable":true,"href":"https:\/\/klimacamp.at\/en\/wp-json\/wp\/v2\/users\/32"}],"replies":[{"embeddable":true,"href":"https:\/\/klimacamp.at\/en\/wp-json\/wp\/v2\/comments?post=23940"}],"wp:featuredmedia":[{"embeddable":true,"href":"https:\/\/klimacamp.at\/en\/wp-json\/wp\/v2\/media\/23941"}],"wp:attachment":[{"href":"https:\/\/klimacamp.at\/en\/wp-json\/wp\/v2\/media?parent=23940"}],"wp:term":[{"taxonomy":"mp-event_category","embeddable":true,"href":"https:\/\/klimacamp.at\/en\/wp-json\/wp\/v2\/mp-event_category?post=23940"},{"taxonomy":"mp-event_tag","embeddable":true,"href":"https:\/\/klimacamp.at\/en\/wp-json\/wp\/v2\/mp-event_tag?post=23940"}],"curies":[{"name":"wp","href":"https:\/\/api.w.org\/{rel}","templated":true}]}}

<div class="wp-block-media-text is-stacked-on-mobile"><figure class="wp-block-media-text__media"><img loading="lazy" decoding="async" width="222" height="222" src="https://klimacamp.at/wp-content/uploads/2025/05/pccc_logo_2023-m-1.jpg" alt="" class="wp-image-24117 size-full" srcset="https://klimacamp.at/wp-content/uploads/2025/05/pccc_logo_2023-m-1.jpg 222w, https://klimacamp.at/wp-content/uploads/2025/05/pccc_logo_2023-m-1-150x150.jpg 150w" sizes="auto, (max-width: 222px) 100vw, 222px" /></figure><div class="wp-block-media-text__content">
<p>📸 <a href="https://www.instagram.com/pccc.comedy/?hl=de">pccc.comedy</a></p>



<p>📹<a href="https://www.youtube.com/@pccc-thepoliticallycorrect8367">@pccc-thepoliticallycorrect8367</a></p>
</div></div>



<p></p>



<p>—  COMEDY  — <br>— English below — <br>🎪 Stadt für Alle Camp <br>📍 Sonntag, 25.05.<br>🕑19:00 <br>🎤PCCC*</p>



<p>PCCC* ist eine Queer Comedy Night für ein Queer-Publikum und deren Fans &amp; Freund:innen. An den regelmäßigen und stets ausverkauften Abenden in Wien trifft man TänzerInnen, SchriftstellerInnen, Rapper:innen, Arbeiter:innen, Buchhandelsangestellte, Lebenskünstler:innen, Weintrinker:innen &#8211; die alle eines gemeinsam haben: eine lustige Geschichte zu erzählen.</p>



<p></p>



<pre class="wp-block-preformatted">🎪 City for All Camp <br>📍Sunday, 25.05 <br>🕑7PM <br>🎤PCCC*</pre>



<p>PCCC* is a Queer Comedy Night for a Queer Audience and their Fans &amp; Friends. On their regular and always sold out evenings in Vienna you’ll meet dancers, writers, rappers, workers, bookshop employees, life embracers, wine drinkers – all having one thing in common: a funny story to tell.</p>

<p>📸 pccc.comedy 📹@pccc-thepoliticallycorrect8367 — COMEDY — — English below — 🎪 Stadt für Alle Camp 📍 Sonntag, 25.05.🕑19:00 🎤PCCC* PCCC* ist eine Queer Comedy Night für ein Queer-Publikum und deren Fans &amp; Freund:innen. An den regelmäßigen und stets ausverkauften Abenden in Wien trifft man TänzerInnen, SchriftstellerInnen, Rapper:innen, Arbeiter:innen, Buchhandelsangestellte, Lebenskünstler:innen, Weintrinker:innen &#8211; die alle eines [&hellip;]</p>
