{"id":23935,"date":"2025-05-19T15:36:10","date_gmt":"2025-05-19T13:36:10","guid":{"rendered":"https:\/\/klimacamp.at\/?post_type=mp-event&#038;p=23935"},"modified":"2025-05-21T15:59:03","modified_gmt":"2025-05-21T13:59:03","slug":"verraeumlichung-sozialer-ungleichheiten-in-wien","status":"publish","type":"mp-event","link":"https:\/\/klimacamp.at\/en\/timetable\/event\/verraeumlichung-sozialer-ungleichheiten-in-wien\/","title":{"rendered":"Verr\u00e4umlichung sozialer Ungleichheiten in Wien"},"content":{"rendered":"\r\n<pre class=\"wp-block-preformatted\">\u2014  WORKSHOP  \u2014 <br \/>\u2014 English below \u2014 <br \/>\ud83c\udfaa Stadt f\u00fcr Alle Camp <br \/>\ud83d\udccdSonntag, 25.05. <br \/>\ud83d\udd5116:00<br \/>\ud83c\udfa4Helena (sie\/ihr) <br \/><br \/> Verr\u00e4umlichung sozialer Ungleichheiten in Wien <br \/><br \/> Auch wenn die Stadt Wien global oft als Vorzeigebeispiel f\u00fcr eine der Lebenswertesten St\u00e4dte gilt, hei\u00dft es nicht, dass auch hier soziale Ungleichheiten kein Thema in der Stadtentwicklung sind. Steigende Mietpreise, Gentrifizierung und Segregation spielen auch im roten Wien eine Rolle.   Wie nehmen wir die Stadt Wien und unsere Umgebung war? Kennst du Orte, an denen dir Ungerechtigkeiten oder Ausgrenzung auffallen? Welche Regionen bekommen mehr Aufmerksamkeit, welche weniger und warum? Dieser interaktive Workshop bietet den Raum diese Erfahrungen zu teilen und gemeinsam zu diskutieren. <br \/><br \/>\ud83c\udfaa City for All Camp <br \/>\ud83d\udccdSunday, 25.05.  <br \/>\ud83d\udd514 PM <br \/>\ud83c\udfa4Helena (sie\/ihr) <br \/><br \/> Spatialization of social inequalities in Vienna  <br \/><br \/>Even though the city of Vienna is often regarded globally as a model example of one of the most liveable cities, this does not mean that social inequalities are also not an issue in urban development here. Rising rents, gentrification and segregation play a role in Red Vienna too.   How do we perceive the city of Vienna and our surroundings? Do you know places where you notice injustices or exclusion? Which regions get more attention, which less and why? This interactive workshop offers space to share these experiences and discuss them together. <\/pre>\r\n","protected":false},"excerpt":{"rendered":"<p>\u2014 WORKSHOP \u2014 \u2014 English below \u2014 \ud83c\udfaa Stadt f\u00fcr Alle Camp \ud83d\udccdSonntag, 25.05. \ud83d\udd5116:00\ud83c\udfa4Helena (sie\/ihr) Verr\u00e4umlichung sozialer Ungleichheiten in Wien Auch wenn die Stadt Wien global oft als Vorzeigebeispiel f\u00fcr eine der Lebenswertesten St\u00e4dte gilt, hei\u00dft es nicht, dass auch hier soziale Ungleichheiten kein Thema in der Stadtentwicklung sind. Steigende Mietpreise, Gentrifizierung und Segregation [&hellip;]<\/p>\n","protected":false},"author":32,"featured_media":0,"menu_order":9,"comment_status":"open","ping_status":"closed","template":"","mp-event_category":[],"mp-event_tag":[],"class_list":["post-23935","mp-event","type-mp-event","status-publish","hentry","mp-event-item"],"acf":[],"_links":{"self":[{"href":"https:\/\/klimacamp.at\/en\/wp-json\/wp\/v2\/mp-event\/23935","targetHints":{"allow":["GET"]}}],"collection":[{"href":"https:\/\/klimacamp.at\/en\/wp-json\/wp\/v2\/mp-event"}],"about":[{"href":"https:\/\/klimacamp.at\/en\/wp-json\/wp\/v2\/types\/mp-event"}],"author":[{"embeddable":true,"href":"https:\/\/klimacamp.at\/en\/wp-json\/wp\/v2\/users\/32"}],"replies":[{"embeddable":true,"href":"https:\/\/klimacamp.at\/en\/wp-json\/wp\/v2\/comments?post=23935"}],"wp:attachment":[{"href":"https:\/\/klimacamp.at\/en\/wp-json\/wp\/v2\/media?parent=23935"}],"wp:term":[{"taxonomy":"mp-event_category","embeddable":true,"href":"https:\/\/klimacamp.at\/en\/wp-json\/wp\/v2\/mp-event_category?post=23935"},{"taxonomy":"mp-event_tag","embeddable":true,"href":"https:\/\/klimacamp.at\/en\/wp-json\/wp\/v2\/mp-event_tag?post=23935"}],"curies":[{"name":"wp","href":"https:\/\/api.w.org\/{rel}","templated":true}]}}

Verräumlichung sozialer Ungleichheiten in Wien

<pre class="wp-block-preformatted">—  WORKSHOP  — <br />— English below — <br />🎪 Stadt für Alle Camp <br />📍Sonntag, 25.05. <br />🕑16:00<br />🎤Helena (sie/ihr) <br /><br /> Verräumlichung sozialer Ungleichheiten in Wien <br /><br /> Auch wenn die Stadt Wien global oft als Vorzeigebeispiel für eine der Lebenswertesten Städte gilt, heißt es nicht, dass auch hier soziale Ungleichheiten kein Thema in der Stadtentwicklung sind. Steigende Mietpreise, Gentrifizierung und Segregation spielen auch im roten Wien eine Rolle.   Wie nehmen wir die Stadt Wien und unsere Umgebung war? Kennst du Orte, an denen dir Ungerechtigkeiten oder Ausgrenzung auffallen? Welche Regionen bekommen mehr Aufmerksamkeit, welche weniger und warum? Dieser interaktive Workshop bietet den Raum diese Erfahrungen zu teilen und gemeinsam zu diskutieren. <br /><br />🎪 City for All Camp <br />📍Sunday, 25.05.  <br />🕑4 PM <br />🎤Helena (sie/ihr) <br /><br /> Spatialization of social inequalities in Vienna  <br /><br />Even though the city of Vienna is often regarded globally as a model example of one of the most liveable cities, this does not mean that social inequalities are also not an issue in urban development here. Rising rents, gentrification and segregation play a role in Red Vienna too.   How do we perceive the city of Vienna and our surroundings? Do you know places where you notice injustices or exclusion? Which regions get more attention, which less and why? This interactive workshop offers space to share these experiences and discuss them together. </pre>

<p>— WORKSHOP — — English below — 🎪 Stadt für Alle Camp 📍Sonntag, 25.05. 🕑16:00🎤Helena (sie/ihr) Verräumlichung sozialer Ungleichheiten in Wien Auch wenn die Stadt Wien global oft als Vorzeigebeispiel für eine der Lebenswertesten Städte gilt, heißt es nicht, dass auch hier soziale Ungleichheiten kein Thema in der Stadtentwicklung sind. Steigende Mietpreise, Gentrifizierung und Segregation [&hellip;]</p>
