{"id":23929,"date":"2025-05-19T15:30:16","date_gmt":"2025-05-19T13:30:16","guid":{"rendered":"https:\/\/klimacamp.at\/?post_type=mp-event&#038;p=23929"},"modified":"2025-05-21T15:58:22","modified_gmt":"2025-05-21T13:58:22","slug":"renaturierungsstammtisch","status":"publish","type":"mp-event","link":"https:\/\/klimacamp.at\/en\/timetable\/event\/renaturierungsstammtisch\/","title":{"rendered":"Renaturierungsstammtisch"},"content":{"rendered":"\n<div class=\"wp-block-media-text is-stacked-on-mobile\"><figure class=\"wp-block-media-text__media\"><img loading=\"lazy\" decoding=\"async\" width=\"300\" height=\"300\" src=\"https:\/\/klimacamp.at\/wp-content\/uploads\/2025\/05\/GYBN-Austria-Logo-Ball-1-300x300.jpg\" alt=\"\" class=\"wp-image-24105 size-medium\" srcset=\"https:\/\/klimacamp.at\/wp-content\/uploads\/2025\/05\/GYBN-Austria-Logo-Ball-1-300x300.jpg 300w, https:\/\/klimacamp.at\/wp-content\/uploads\/2025\/05\/GYBN-Austria-Logo-Ball-1-1020x1024.jpg 1020w, https:\/\/klimacamp.at\/wp-content\/uploads\/2025\/05\/GYBN-Austria-Logo-Ball-1-150x150.jpg 150w, https:\/\/klimacamp.at\/wp-content\/uploads\/2025\/05\/GYBN-Austria-Logo-Ball-1-768x771.jpg 768w, https:\/\/klimacamp.at\/wp-content\/uploads\/2025\/05\/GYBN-Austria-Logo-Ball-1.jpg 1076w\" sizes=\"auto, (max-width: 300px) 100vw, 300px\" \/><\/figure><div class=\"wp-block-media-text__content\">\n<p>\ud83c\udf10<a href=\"https:\/\/www.gybnaustria.at\/\">https:\/\/www.gybnaustria.at\/<\/a><\/p>\n\n\n\n<p>\ud83d\udcf8<a href=\"https:\/\/www.instagram.com\/gybn.austria\/\">gybn.austria<\/a><\/p>\n<\/div><\/div>\n\n\n\n<pre class=\"wp-block-preformatted\">\u2014  WORKSHOP  \u2014 <br>\u2014 English below \u2014 <br>\ud83c\udfaa Stadt f\u00fcr Alle Camp <br>\ud83d\udccd Sonntag, 25.05.<br>\ud83d\udd5116:00 <br>\ud83c\udfa4GYBN Austria <br><br> Renaturierungsstammtisch <br> \nMoore sind wahre Klimasch\u00fctzer: Sie speichern enorme Mengen Kohlenstoff und bieten gleichzeitig wertvolle Lebensr\u00e4ume f\u00fcr zahlreiche Arten. Ihre Renaturierung ist ein zentraler Hebel im Kampf gegen die Klima- und Biodiversit\u00e4tskrise. Doch wie funktioniert erfolgreiche Renaturierung? Und was muss in \u00d6sterreich passieren, damit aus ambitionierten Zielen konkrete Taten werden? Gemeinsam mit Expert:innen gewinnen wir Einblicke in Praxisbeispiele der Renaturierung und diskutieren die aktuellen Herausforderungen sowie Chancen in \u00d6sterreich. Dabei werfen wir auch einen Blick auf das Nature Restoration Law der EU, das seit 2024 verbindliche Ma\u00dfnahmen zur Wiederherstellung von \u00d6kosystemen vorgibt \u2013 und was das f\u00fcr \u00d6sterreich bedeutet. Ein besonderer Schwerpunkt unseres Stammtisches liegt auf der Rolle junger Menschen: Gemeinsam mit zahlreichen Jugendorganisationen wurde ein Jugendstatement zur Renaturierung erarbeitet, das konkrete Forderungen und Mitgestaltungsm\u00f6glichkeiten aufzeigt. Der Workshop bietet Raum f\u00fcr Austausch, Diskussion und Vernetzung \u2013 f\u00fcr alle, die sich f\u00fcr den Schutz und die Wiederherstellung unserer Natur starkmachen wollen. <br><br>\ud83c\udfaa City for All Camp <br>\ud83d\udccdSunday, 25.05 <br>\ud83d\udd514PM <br>\ud83c\udfa4GYBN Austria <br> <br>Renaturation round table <br>\n<br>  Peatlands are true climate protectors: they store enormous amounts of carbon and at the same time provide valuable habitats for numerous species. Their renaturation is a key lever in the fight against the climate and biodiversity crisis. But how does successful renaturation work? And what needs to happen in Austria to turn ambitious goals into concrete action? Together with experts, we will gain insights into practical examples of renaturation and discuss the current challenges and opportunities in Austria. We will also take a look at the EU's Nature Restoration Law, which has stipulated binding measures for the restoration of ecosystems since 2024 - and what this means for Austria. A special focus of our regulars' table is on the role of young people: Together with numerous youth organizations, a youth statement on renaturation was drawn up, which outlines concrete demands and opportunities for participation. The workshop offers space for exchange, discussion and networking - for everyone who wants to stand up for the protection and restoration of our nature. <\/pre>\n","protected":false},"excerpt":{"rendered":"<p>\ud83c\udf10https:\/\/www.gybnaustria.at\/ \ud83d\udcf8gybn.austria \u2014 WORKSHOP \u2014 \u2014 English below \u2014 \ud83c\udfaa Stadt f\u00fcr Alle Camp \ud83d\udccd Sonntag, 25.05.\ud83d\udd5116:00 \ud83c\udfa4GYBN Austria Renaturierungsstammtisch Moore sind wahre Klimasch\u00fctzer: Sie speichern enorme Mengen Kohlenstoff und bieten gleichzeitig wertvolle Lebensr\u00e4ume f\u00fcr zahlreiche Arten. Ihre Renaturierung ist ein zentraler Hebel im Kampf gegen die Klima- und Biodiversit\u00e4tskrise. Doch wie funktioniert erfolgreiche Renaturierung? [&hellip;]<\/p>\n","protected":false},"author":32,"featured_media":23930,"menu_order":7,"comment_status":"open","ping_status":"closed","template":"","mp-event_category":[],"mp-event_tag":[],"class_list":["post-23929","mp-event","type-mp-event","status-publish","has-post-thumbnail","hentry","mp-event-item"],"acf":[],"_links":{"self":[{"href":"https:\/\/klimacamp.at\/en\/wp-json\/wp\/v2\/mp-event\/23929","targetHints":{"allow":["GET"]}}],"collection":[{"href":"https:\/\/klimacamp.at\/en\/wp-json\/wp\/v2\/mp-event"}],"about":[{"href":"https:\/\/klimacamp.at\/en\/wp-json\/wp\/v2\/types\/mp-event"}],"author":[{"embeddable":true,"href":"https:\/\/klimacamp.at\/en\/wp-json\/wp\/v2\/users\/32"}],"replies":[{"embeddable":true,"href":"https:\/\/klimacamp.at\/en\/wp-json\/wp\/v2\/comments?post=23929"}],"wp:featuredmedia":[{"embeddable":true,"href":"https:\/\/klimacamp.at\/en\/wp-json\/wp\/v2\/media\/23930"}],"wp:attachment":[{"href":"https:\/\/klimacamp.at\/en\/wp-json\/wp\/v2\/media?parent=23929"}],"wp:term":[{"taxonomy":"mp-event_category","embeddable":true,"href":"https:\/\/klimacamp.at\/en\/wp-json\/wp\/v2\/mp-event_category?post=23929"},{"taxonomy":"mp-event_tag","embeddable":true,"href":"https:\/\/klimacamp.at\/en\/wp-json\/wp\/v2\/mp-event_tag?post=23929"}],"curies":[{"name":"wp","href":"https:\/\/api.w.org\/{rel}","templated":true}]}}

<div class="wp-block-media-text is-stacked-on-mobile"><figure class="wp-block-media-text__media"><img loading="lazy" decoding="async" width="300" height="300" src="https://klimacamp.at/wp-content/uploads/2025/05/GYBN-Austria-Logo-Ball-1-300x300.jpg" alt="" class="wp-image-24105 size-medium" srcset="https://klimacamp.at/wp-content/uploads/2025/05/GYBN-Austria-Logo-Ball-1-300x300.jpg 300w, https://klimacamp.at/wp-content/uploads/2025/05/GYBN-Austria-Logo-Ball-1-1020x1024.jpg 1020w, https://klimacamp.at/wp-content/uploads/2025/05/GYBN-Austria-Logo-Ball-1-150x150.jpg 150w, https://klimacamp.at/wp-content/uploads/2025/05/GYBN-Austria-Logo-Ball-1-768x771.jpg 768w, https://klimacamp.at/wp-content/uploads/2025/05/GYBN-Austria-Logo-Ball-1.jpg 1076w" sizes="auto, (max-width: 300px) 100vw, 300px" /></figure><div class="wp-block-media-text__content">
<p>🌐<a href="https://www.gybnaustria.at/">https://www.gybnaustria.at/</a></p>



<p>📸<a href="https://www.instagram.com/gybn.austria/">gybn.austria</a></p>
</div></div>



<pre class="wp-block-preformatted">—  WORKSHOP  — <br>— English below — <br>🎪 Stadt für Alle Camp <br>📍 Sonntag, 25.05.<br>🕑16:00 <br>🎤GYBN Austria <br><br> Renaturierungsstammtisch <br> 
Moore sind wahre Klimaschützer: Sie speichern enorme Mengen Kohlenstoff und bieten gleichzeitig wertvolle Lebensräume für zahlreiche Arten. Ihre Renaturierung ist ein zentraler Hebel im Kampf gegen die Klima- und Biodiversitätskrise. Doch wie funktioniert erfolgreiche Renaturierung? Und was muss in Österreich passieren, damit aus ambitionierten Zielen konkrete Taten werden? Gemeinsam mit Expert:innen gewinnen wir Einblicke in Praxisbeispiele der Renaturierung und diskutieren die aktuellen Herausforderungen sowie Chancen in Österreich. Dabei werfen wir auch einen Blick auf das Nature Restoration Law der EU, das seit 2024 verbindliche Maßnahmen zur Wiederherstellung von Ökosystemen vorgibt – und was das für Österreich bedeutet. Ein besonderer Schwerpunkt unseres Stammtisches liegt auf der Rolle junger Menschen: Gemeinsam mit zahlreichen Jugendorganisationen wurde ein Jugendstatement zur Renaturierung erarbeitet, das konkrete Forderungen und Mitgestaltungsmöglichkeiten aufzeigt. Der Workshop bietet Raum für Austausch, Diskussion und Vernetzung – für alle, die sich für den Schutz und die Wiederherstellung unserer Natur starkmachen wollen. <br><br>🎪 City for All Camp <br>📍Sunday, 25.05 <br>🕑4PM <br>🎤GYBN Austria <br> <br>Renaturation round table <br>
<br>  Peatlands are true climate protectors: they store enormous amounts of carbon and at the same time provide valuable habitats for numerous species. Their renaturation is a key lever in the fight against the climate and biodiversity crisis. But how does successful renaturation work? And what needs to happen in Austria to turn ambitious goals into concrete action? Together with experts, we will gain insights into practical examples of renaturation and discuss the current challenges and opportunities in Austria. We will also take a look at the EU's Nature Restoration Law, which has stipulated binding measures for the restoration of ecosystems since 2024 - and what this means for Austria. A special focus of our regulars' table is on the role of young people: Together with numerous youth organizations, a youth statement on renaturation was drawn up, which outlines concrete demands and opportunities for participation. The workshop offers space for exchange, discussion and networking - for everyone who wants to stand up for the protection and restoration of our nature. </pre>

<p>🌐https://www.gybnaustria.at/ 📸gybn.austria — WORKSHOP — — English below — 🎪 Stadt für Alle Camp 📍 Sonntag, 25.05.🕑16:00 🎤GYBN Austria Renaturierungsstammtisch Moore sind wahre Klimaschützer: Sie speichern enorme Mengen Kohlenstoff und bieten gleichzeitig wertvolle Lebensräume für zahlreiche Arten. Ihre Renaturierung ist ein zentraler Hebel im Kampf gegen die Klima- und Biodiversitätskrise. Doch wie funktioniert erfolgreiche Renaturierung? [&hellip;]</p>
