{"id":23920,"date":"2025-05-19T12:10:30","date_gmt":"2025-05-19T10:10:30","guid":{"rendered":"https:\/\/klimacamp.at\/?post_type=mp-event&#038;p=23920"},"modified":"2025-05-23T19:30:37","modified_gmt":"2025-05-23T17:30:37","slug":"sozialismus-oder-barbarei","status":"publish","type":"mp-event","link":"https:\/\/klimacamp.at\/en\/timetable\/event\/sozialismus-oder-barbarei\/","title":{"rendered":"Sozialismus oder Barbarei"},"content":{"rendered":"\r\n<pre class=\"wp-block-preformatted\">\u2014 DISKUSSIONSRUNDE \u2014 \r\n \u2014 English below \u2014 \r\n \ud83c\udfaa Stadt f\u00fcr Alle Camp \r\n \ud83d\udccdSonntag, 25.05. \u201a\r\n \ud83d\udd51 10:00 \r\n \ud83c\udfa4Franz (er\/ihm) \r\n\r\nSozialismus oder Barberei? \r\nDie Verschr\u00e4nkung der Klima- und Arbeiter*innenbewegung\r\n\r\nWeshalb hat Kommunismus auch \u00fcber 100 Jahre nach Rosa Luxemburg noch immer Relevanz? \r\nIn dieser Diskussionsrunde werden euch Einblicke in die Grunds\u00e4tze der marxistischen Theorie geliefert. Dabei wird auf das Patriarchat, die \u00dcberproduktion der Klassengesellschaft, der fundamentale Konflikt von Lohn und Profit, Imperialismus und Neo-Kolonialismus, sowie die Verschr\u00e4nkung von Klimathemen mit der Arbeiter*innenbewegung. Anschlie\u00dfend k\u00f6nnen in der Diskussionsrunde Themen weiter vertieft werden und Wege hin zu einer demokratischen, gerechten und \u00f6kologischen Gesellschaft aufgezeigt werden. \r\n\r\n\ud83c\udfaa City for All Camp \r\n\ud83d\udccdSunday, 25.05.  \r\n\ud83d\udd5110 AM \r\n\ud83c\udfa4Franz (er\/ihm) \r\n\r\nSocialism or barbarism? \r\nThe entanglement of the climate and Workers' movement\r\n\r\nWhy is communism still relevant more than 100 years after Rosa Luxemburg? \r\nThis panel discussion will provide you with insights into the principles of Marxist theory. It will focus on patriarchy, the overproduction of class society, the fundamental conflict between wages and profit, imperialism and neo-colonialism, as well as the intertwining of climate issues with the workers' movement. Afterwards, topics can be further explored in the discussion round and ways towards a democratic, equal and ecological society can be identified. <\/pre>\r\n","protected":false},"excerpt":{"rendered":"<p>\u2014 DISKUSSIONSRUNDE \u2014 \u2014 English below \u2014 \ud83c\udfaa Stadt f\u00fcr Alle Camp \ud83d\udccdSonntag, 25.05. \u201a \ud83d\udd51 10:00 \ud83c\udfa4Franz (er\/ihm) Sozialismus oder Barberei? Die Verschr\u00e4nkung der Klima- und Arbeiter*innenbewegung Weshalb hat Kommunismus auch \u00fcber 100 Jahre nach Rosa Luxemburg noch immer Relevanz? In dieser Diskussionsrunde werden euch Einblicke in die Grunds\u00e4tze der marxistischen Theorie geliefert. Dabei [&hellip;]<\/p>\n","protected":false},"author":32,"featured_media":0,"menu_order":2,"comment_status":"open","ping_status":"closed","template":"","mp-event_category":[],"mp-event_tag":[],"class_list":["post-23920","mp-event","type-mp-event","status-publish","hentry","mp-event-item"],"acf":[],"_links":{"self":[{"href":"https:\/\/klimacamp.at\/en\/wp-json\/wp\/v2\/mp-event\/23920","targetHints":{"allow":["GET"]}}],"collection":[{"href":"https:\/\/klimacamp.at\/en\/wp-json\/wp\/v2\/mp-event"}],"about":[{"href":"https:\/\/klimacamp.at\/en\/wp-json\/wp\/v2\/types\/mp-event"}],"author":[{"embeddable":true,"href":"https:\/\/klimacamp.at\/en\/wp-json\/wp\/v2\/users\/32"}],"replies":[{"embeddable":true,"href":"https:\/\/klimacamp.at\/en\/wp-json\/wp\/v2\/comments?post=23920"}],"wp:attachment":[{"href":"https:\/\/klimacamp.at\/en\/wp-json\/wp\/v2\/media?parent=23920"}],"wp:term":[{"taxonomy":"mp-event_category","embeddable":true,"href":"https:\/\/klimacamp.at\/en\/wp-json\/wp\/v2\/mp-event_category?post=23920"},{"taxonomy":"mp-event_tag","embeddable":true,"href":"https:\/\/klimacamp.at\/en\/wp-json\/wp\/v2\/mp-event_tag?post=23920"}],"curies":[{"name":"wp","href":"https:\/\/api.w.org\/{rel}","templated":true}]}}

<pre class="wp-block-preformatted">— DISKUSSIONSRUNDE — 
 — English below — 
 🎪 Stadt für Alle Camp 
 📍Sonntag, 25.05. ‚
 🕑 10:00 
 🎤Franz (er/ihm) 

Sozialismus oder Barberei? 
Die Verschränkung der Klima- und Arbeiter*innenbewegung

Weshalb hat Kommunismus auch über 100 Jahre nach Rosa Luxemburg noch immer Relevanz? 
In dieser Diskussionsrunde werden euch Einblicke in die Grundsätze der marxistischen Theorie geliefert. Dabei wird auf das Patriarchat, die Überproduktion der Klassengesellschaft, der fundamentale Konflikt von Lohn und Profit, Imperialismus und Neo-Kolonialismus, sowie die Verschränkung von Klimathemen mit der Arbeiter*innenbewegung. Anschließend können in der Diskussionsrunde Themen weiter vertieft werden und Wege hin zu einer demokratischen, gerechten und ökologischen Gesellschaft aufgezeigt werden. 

🎪 City for All Camp 
📍Sunday, 25.05.  
🕑10 AM 
🎤Franz (er/ihm) 

Socialism or barbarism? 
The entanglement of the climate and Workers' movement

Why is communism still relevant more than 100 years after Rosa Luxemburg? 
This panel discussion will provide you with insights into the principles of Marxist theory. It will focus on patriarchy, the overproduction of class society, the fundamental conflict between wages and profit, imperialism and neo-colonialism, as well as the intertwining of climate issues with the workers' movement. Afterwards, topics can be further explored in the discussion round and ways towards a democratic, equal and ecological society can be identified. </pre>

<p>— DISKUSSIONSRUNDE — — English below — 🎪 Stadt für Alle Camp 📍Sonntag, 25.05. ‚ 🕑 10:00 🎤Franz (er/ihm) Sozialismus oder Barberei? Die Verschränkung der Klima- und Arbeiter*innenbewegung Weshalb hat Kommunismus auch über 100 Jahre nach Rosa Luxemburg noch immer Relevanz? In dieser Diskussionsrunde werden euch Einblicke in die Grundsätze der marxistischen Theorie geliefert. Dabei [&hellip;]</p>
